 + 8*a - 22. Calculate t(2).
10
Let i(o) = -o**2 + 4*o + 8. Give i(6).
-4
Let y(i) = -93*i + 24. Calculate y(1).
-69
Let z(b) = -2*b**2 - 5*b - 60. Determine z(-5).
-85
Let z(o) = o**3 - 5*o**2 - 24*o + 121. Give z(5).
1
Let u(f) = 2*f**2 - 31*f + 20. Calculate u(15).
5
Let k(z) = -5*z**2 - 15*z + 4. Determine k(-3).
4
Let o(x) = -2*x**2 + 14*x + 25. What is o(8)?
9
Let m(y) = y**2 + y - 10. Calculate m(0).
-10
Let n(o) = -o**2 + 20*o - 36. Give n(16).
28
Let x(b) = -b**2 - 5*b + 180. Calculate x(-16).
4
Let m(b) = -7*b - 42. Determine m(-11).
35
Let v(m) = -m**2 + 9*m - 4. What is v(6)?
14
Let y(v) = v**3 + 3*v**2 + 8*v - 4. Give y(-4).
-52
Let w(h) = -28*h - 61. What is w(-2)?
-5
Let t(f) = -29*f**2 - 16*f - 15. Determine t(-1).
-28
Let t(s) = s**2 - 6*s - 16. What is t(6)?
-16
Let c(n) = -n**2 - 19*n - 34. Calculate c(-17).
0
Let t(o) = o**3 - 11*o**2 + 18*o + 6. What is t(9)?
6
Let p(c) = c**2 + 26*c - 15. What is p(-26)?
-15
Let q(k) = k**3 - k**2 - k + 26. Calculate q(0).
26
Let v(s) = -s**3 - 15*s**2 - 17*s + 10. What is v(-14)?
52
Let c(b) = -b**2 + 2*b - 1. Give c(2).
-1
Let i(o) = -2*o**2 + 4*o + 4. Determine i(4).
-12
Let x(l) = -l**3 - 8*l**2 - 7*l + 9. Determine x(-7).
9
Let q(a) = -21*a**3 - a + 1. Give q(1).
-21
Let h(j) = -j**2 - j + 2. What is h(-4)?
-10
Let m(w) = -12*w - 579. What is m(-51)?
33
Let d(z) = z**2 - 3*z - 20. Determine d(8).
20
Let u(b) = b**3 + 13*b**2 + 32*b + 9. Give u(-10).
-11
Let g(o) = 4*o - 71. Calculate g(22).
17
Let h(t) = t**2 - 23*t + 14. Determine h(23).
14
Let u(q) = -2*q**3 + q**2 + 6*q - 7. Give u(0).
-7
Let q(o) = -o**3 + 4*o**2 - 2*o - 5. What is q(4)?
-13
Let w(j) = -j**3 + 21*j**2 - j + 7. What is w(21)?
-14
Let r(c) = 5*c**3 + 15*c**2 - c - 1. Give r(-3).
2
Let f(b) = -b**3 + 15*b**2 - 2*b - 16. Determine f(15).
-46
Let z(s) = 6*s**3 - 2*s**2 + 1. Determine z(-1).
-7
Let t(p) = -3*p + 19. Give t(3).
10
Let o(w) = -2*w + 8. What is o(-9)?
26
Let m(o) = o**3 + 11*o**2 + 2*o + 8. Calculate m(-7).
190
Let c(y) = -y**2 + 40*y - 257. Calculate c(31).
22
Let m(x) = -2*x**2 - 2*x + 26. What is m(-8)?
-86
Let l(j) = j**2 + 5*j - 3. Give l(-5).
-3
Let v(i) = -i**3 - 3*i**2 + 14*i + 21. Determine v(-5).
1
Let i(t) = 3*t + 42. Determine i(-12).
6
Let x(s) = -s**2 - s + 5. Give x(-4).
-7
Let t(x) = -x**3 - 2*x**2 - 4*x - 3. Determine t(-2).
5
Let j(v) = -v**3 - 4*v**2 - 6*v - 1. Give j(-4).
23
Let n(y) = 11*y - 82. Determine n(7).
-5
Let p(v) = -v**2 + 13*v - 40. Calculate p(8).
0
Let u(k) = -k**3 - 19*k**2 + 22*k + 65. Calculate u(-20).
25
Let j(o) = o**2 - 8*o - 20. Determine j(10).
0
Let g(t) = 2*t. Give g(8).
16
Let l(d) = d**3 + 4*d**2 - d - 3. What is l(-3)?
9
Let m(v) = -257*v + 1031. Determine m(4).
3
Let n(y) = -4*y + 24. Calculate n(6).
0
Let w(h) = -h**3 + 3*h**2 + 13*h - 16. Calculate w(5).
-1
Let y(p) = 22*p. Calculate y(1).
22
Let i(s) = 4*s - 20. What is i(8)?
12
Let i(z) = -z**3 - 19*z**2 - z - 19. Give i(-19).
0
Let h(l) = -4*l - 24. What is h(-10)?
16
Let x(i) = -i**3 - 6*i**2 + i - 14. Calculate x(-7).
28
Let x(r) = -r**2 + 6*r - 3. What is x(4)?
5
Let f(i) = -i**2 + 13*i - 27. Calculate f(14).
-41
Let r(o) = 16*o - 562. What is r(35)?
-2
Let x(i) = i**2 - 11*i + 3. Determine x(9).
-15
Let n(c) = -9*c**2 + 31*c - 6. Give n(3).
6
Let z(j) = 5*j + 9. Calculate z(8).
49
Let d(u) = -4*u + 33. Give d(12).
-15
Let s(y) = -y**2 + 16*y - 51. What is s(12)?
-3
Let g(y) = y**2 - y - 20. What is g(0)?
-20
Let m(z) = -z**3 + 10*z**2 - 2*z + 5. Calculate m(10).
-15
Let y(j) = j**3 + 7*j**2 - 8*j - 8. Give y(-8).
-8
Let v(c) = -4*c**3 - 4*c**2 + 7*c + 8. What is v(-4)?
172
Let p(q) = 3*q**3 + 5*q**2 + 3*q + 3. Calculate p(-4).
-121
Let a(z) = -2*z**2 - z + 5. Determine a(-4).
-23
Let t(d) = -d**3 + 3*d**2 + 2*d + 11. Determine t(4).
3
Let u(d) = d**3 - 4*d**2 + 4*d - 9. Determine u(4).
7
Let g(j) = 56*j + 101. Calculate g(-2).
-11
Let d(a) = -33*a - 324. Calculate d(-10).
6
Let y(r) = r**2 + 4*r - 14. Calculate y(-7).
7
Let y(g) = g**2 - 23*g + 75. What is y(22)?
53
Let m(n) = -5*n - 10. Give m(-3).
5
Let x(l) = -13*l - 49. Give x(-6).
29
Let j(g) = -g**2 + 25*g + 28. Calculate j(17).
164
Let w(g) = -g**2 + 36*g - 205. Determine w(7).
-2
Let n(c) = c**2 + 13*c + 39. Give n(-10).
9
Let u(f) = f**2 - 21*f - 89. What is u(25)?
11
Let p(m) = -m**3 - 11*m**2 - 6*m - 11. What is p(-5)?
-131
Let k(s) = 7*s**3 - s**2 - s - 1. Give k(-2).
-59
Let g(t) = t - 8. Calculate g(-5).
-13
Let f(m) = 11*m**2 + m + 5. Give f(2).
51
Let n(j) = -j**3 + 4*j**2 - 4*j + 5. Determine n(3).
2
Let l(m) = m**3 - 25*m**2 - 56*m + 60. Determine l(27).
6
Let q(i) = 4*i**2 - i - 2. What is q(-1)?
3
Let u(q) = 6*q - 31. Calculate u(4).
-7
Let o(b) = -b**3 - 4*b + 16. Give o(0).
16
Let o(a) = -4*a**2 + 20*a - 5. Determine o(5).
-5
Let g(x) = x**2 + 11*x + 1. Determine g(-5).
-29
Let b(x) = -4*x**3 - 31*x**2 - 42*x - 8. Determine b(-6).
-8
Let w(y) = 7*y - 20. Calculate w(3).
1
Let r(c) = -4*c + 4. Give r(9).
-32
Let w(p) = p**3 - p**2 - 2. Give w(-2).
-14
Let c(t) = -12*t - 194. Give c(-15).
-14
Let h(a) = -4*a**3 - a**2 + 3*a + 4. Determine h(-2).
26
Let z(r) = -3*r**2 - 11*r - 16. What is z(-2)?
-6
Let n(h) = h**3 - 7*h + 6. Give n(3).
12
Let j(u) = 3*u**2 - 5*u + 3. What is j(5)?
53
Let n(j) = -j**3 - 10*j**2 + 11*j - 2. Give n(-11).
-2
Let k(r) = 26*r + 39. Determine k(-2).
-13
Let c(f) = -28*f**2 + f. Give c(-1).
-29
Let x(l) = -8*l**2 - 1. Calculate x(-1).
-9
Let k(n) = 29*n - 323. What is k(11)?
-4
Let l(r) = 2*r**2 + 17*r + 1. Give l(-7).
-20
Let f(q) = q**3 - q**2 - q - 6. Calculate f(0).
-6
Let z(f) = 9*f - 43. What is z(-7)?
-106
Let m(p) = -p**2 - 49*p - 252. Give m(-43).
6
Let p(a) = -3*a**2 - a. Give p(2).
-14
Let l(k) = -3*k + 10. Give l(10).
-20
Let u(o) = -2*o - 6. Determine u(-4).
2
Let x(d) = -3*d**2 - 22*d - 6. Calculate x(-11).
-127
Let n(j) = -2*j - 1. What is n(-8)?
15
Let h(l) = -39*l**3 - l**2 + 2*l - 2. What is h(1)?
-40
Let a(d) = -16*d - 79. What is a(-5)?
1
Let f(h) = -h**2 + 11*h + 155. Calculate f(20).
-25
Let r(q) = -q**3 + 4*q**2 + 11*q - 4. Determine r(7).
-74
Let f(i) = 8*i - 1. Give f(2).
15
Let t(v) = -v**2 - 18*v - 11. Calculate t(-16).
21
Let o(l) = -l**3 - 6*l**2 - 5*l. Give o(-5).
0
Let g(i) = -5*i - 12. Give g(-8).
28
Let x(i) = i**3 + 20*i**2 - 17*i + 72. Determine x(-21).
-12
Let o(a) = a**3 - 14*a**2 + 3*a - 19. Determine o(14).
23
Let m(a) = a**3 + 9*a**2 + 11*a + 1. Determine m(-5).
46
Let v(n) = 13*n**2 - 1. What is v(-1)?
12
Let u(n) = n**3 + 3*n**2 - 4*n - 12. Calculate u(-4).
-12
Let j(w) = w**2 - 15*w + 22. What is j(13)?
-4
Let o(s) = -2*s**2 - 16*s + 16. Determine o(-9).
-2
Let m(v) = v**3 + 8*v**2 + 5*v - 10. What is m(-7)?
4
Let i(p) = -p**2 + 42*p + 162. Determine i(45).
27
Let o(m) = -m**3 + m**2 + m. Give o(-1).
1
Let v(m) = -m**3 + 6*m**2 - 7*m + 3. Determine v(5).
-7
Let w(l) = -l + 32. Calculate w(25).
7
Let l(n) = -79*n**3 - n**2 + 2*n. Give l(1).
-78
Let d(y) = -31*y - 1303. Give d(-42).
-1
Let c(f) = -f**2 - 6*f - 3. Give c(-2).
5
Let v(o) = 13*o + 14. What is v(-5)?
-51
Let j(t) = 2*t**2 - 19*t - 55. Give j(12).
5
Let m(r) = -r**2 + 28*r - 185. What is m(14)?
11
Let f(l) = l - 37. What is f(8)?
-29
Let g(u) = -u**2 - 14*u - 42. Give g(-6).
6
Let g(m) = -m**3 + 18*m**2 + 16*m + 43. Determine g(19).
-14
Let m(u) = -u**3 + 11*u**2 + 27*u - 9. Give m(13).
4
Let v(l) = 2*l**2 + 46*l + 22. What is v(-23)?
22
Let t(u) = -u**3 + u**2 + 3*u - 2. Determine t(3).
-11
Let y(v) = v**3 + 9*v**2 + 12*v + 6. Determine y(-8).
-26
Let t(y) = y - 4. Determine t(-2).
-6
Let w(t) = t**2 - 20*t + 82. What is w(15)?
7
Let b(m) = 19*m**2 - 18*m + 16. Calculate b(1).
17
Let z(y) = y**3 + 18*y**2 + 15*y + 18. Give z(-17).
52
Let a(j) = 7*j - 4. What is a(2)?
10
Let i(d) = -3*d. Give i(-1).
3
Let z(k) = k**2 + 11*k + 8. Give z(-7).
-20
Let t(r) = -2*r**2 + 4*r + 24. Give t(6).
-24
Let z(h) = -9*h + 6. Calculate z(3).
-21
Let y(h) = -6*h - 6. Give y(-2).
6
Let o(k) = k**3 + 9*k**2 + 4*k - 18. Calculate o(-8).
14
Let i(p) = 32*p + 2622. Calculate i(-82).
-2
Let v(i) = -9*i - 1. What is v(1)?
-10
Let g(j) = 11*j - 18. Determine g(3).
15
Let w(z) = z**2 + 8*z - 6. What is w(-8)?
-6
Let z(w) = w**3 - 12*w**2 + w + 16. Determine z(12).
28
Let s(c) = c**2 + 69*c + 1189. Determine s(-34).
-1
Let o